y**3 - 2*y**2 - 1. Let k be (4 + 36/(-8))*0/(-1). Suppose 6*v - 12 = -k*v. What is the remainder when p(-2) is divided by v?
1
Let m = -380 + 402. Let k(v) = -6*v - 1. What is the remainder when m is divided by k(-1)?
2
Suppose -54 = -5*i + 4*a, 19 - 22 = 3*a. Calculate the remainder when 776 is divided by i.
6
Let f = 27 + 71. Suppose 446 = 6*t + f. Let o(l) = 4*l**2 - 10*l - 4. What is the remainder when o(9) is divided by t?
56
Let c be 6900/(-540) - 4*(-2)/(-36). Let p(n) be the second derivative of -5*n**3/6 - 13*n**2 + n. Calculate the remainder when 233 is divided by p(c).
38
Suppose -3*k - 3*n - 2 + 26 = 0, 4*n = 4*k - 24. Suppose -k*g = -4*g - 192. What is the remainder when g is divided by 36?
28
Let k(q) = 1114*q + 2284. Calculate the remainder when 947 is divided by k(-2).
51
What is the remainder when 2632 is divided by (-65130)/(-100) + 39/(-130)?
28
Let k = 23422 - 23418. Let a = 509 + -285. What is the remainder when a is divided by k?
0
Let f(q) = -2*q**2 - 6*q - 14. Let u be f(-6). Let k = u + 97. Suppose -8*a + k = -297. Calculate the remainder when a is divided by 22.
21
Suppose -17*q + 16*q = -5. Suppose 2*g = q*g - 21. Suppose 18 = -4*h + g*h. Calculate the remainder when 10 is divided by h.
4
Let u be 33*(6/9 + -1). Let v = u + 15. Suppose 5*j + n = -68 + 539, v*j = 2*n + 388. What is the remainder when j is divided by 32?
31
Let c = 90 + -49. Let z(y) = y**3 - 6*y**2 - 3*y - 6. Suppose h - 5*t = 17, -2*h - h + 4*t = -29. Calculate the remainder when c is divided by z(h).
19
Suppose -40 = -8*v + 4*v. Suppose 523*z = 524*z - 5*x - 80, 122 = z + x. Calculate the remainder when z is divided by v.
5
Let a be 10/((-20)/(-18)) + -6. Let h(g) = 2*g**2 + 2*g - 6. Calculate the remainder when 105 is divided by h(a).
15
Suppose 4*l = 9*z - 6*z - 22, 0 = 5*z - 3*l - 33. Suppose -39 = z*q - 549. Calculate the remainder when q is divided by 9.
4
Let w(b) = b**2 + 23*b + 56. Let s be w(-3). What is the remainder when 35/(3 - (s - -6)) is divided by (-104)/(-12) + (-12)/(-9)?
5
Suppose -4*p + p + 3 = -3*r, -2*r - 6 = 0. Calculate the remainder when 114 is divided by 236/p*7/(-14).
55
Let l(j) be the second derivative of -j**5/20 + 7*j**4/12 + 2*j**3 - 6*j**2 - 14*j - 3. Calculate the remainder when l(8) is divided by 5.
0
What is the remainder when 8/10*(2 - (-36)/(-8))*-227 is divided by 157?
140
Let g(x) = -5*x. Let w be g(-4). Suppose -4*k - w = -136. Let d = -40 - -152. Calculate the remainder when d is divided by k.
25
Suppose -55 + 53 = -2*s. Let q(b) = -162*b**3. Let f be q(s). Let r = -72 - f. What is the remainder when r is divided by 24?
18
Suppose -2*k + 32 + 18 = -3*b, -5*b + 37 = 3*k. Calculate the remainder when (-9339)/566*(-1)/(9/102) is divided by k.
16
Suppose -l = 5*h - 153, 3*h - 45 = 2*h - 5*l. Let n(p) = 44*p**2 + 2*p + 1. Let k be n(-1). Let x = k - 32. Calculate the remainder when h is divided by x.
8
Let f(i) = 5*i + 133. Let h be f(-26). Suppose 340 = 2*o + 4*l, -h*o = -4*l + 3*l - 531. Calculate the remainder when o is divided by 47.
35
Let r(v) = v**3 - 29*v**2 + 7*v + 277. What is the remainder when r(29) is divided by 7?
4
Let z = -343 - -464. Suppose -4*a - 3*r + 125 = -124, r - 193 = -3*a. What is the remainder when z is divided by a?
55
Let t = 0 - -3. Suppose 0 = -t*s + n + 96, 103 = 4*s - 3*n - 30. Calculate the remainder when s is divided by 3*8 + 42 + -55.
9
Let o = -5 - -7. Suppose 5*s = 4*s + o. Calculate the remainder when 35 is divided by (-1 - -4)*(s + 5).
14
Suppose -3*f + 26 = -52. Suppose g = -9*g + 120. What is the remainder when f is divided by g?
2
Let w = -5467 + 5599. Calculate the remainder when w is divided by ((-4)/(-4))/(1/29).
16
Let g be -5 + -1 + (-57)/(-1). Suppose -g = -4*o + 101. Calculate the remainder when o is divided by 25.
13
Calculate the remainder when (10 + 3445/60*-3)/(4/(-48)) is divided by 61.
56
Calculate the remainder when 2128 is divided by 2 - ((-2814)/8 - -15*7/(-84)).
353
Let q = -1810 - -2175. Calculate the remainder when q is divided by 9.
5
Let v(s) = s**2 - 42*s - 281. Let d be v(-6). Calculate the remainder when 127 - (d + (-4 - 9)) is divided by 27.
25
Let f(z) = 8*z + 181. Let v be f(-22). Suppose -h + 35 = 2*h - m, -45 = -v*h + 5*m. Let l(k) = 5*k**2 + k - 2. What is the remainder when l(5) is divided by h?
11
Suppose 0 = -5*w - l + 282, -w + 4*l + 48 = -0*l. Suppose -2*i + 2*x = -56, 0 = -0*i + 3*i + 2*x - 39. What is the remainder when w is divided by i?
18
Suppose 0 = -18*v + 23*v. Suppose 4*g - 3*k - 32 = v, 0*g + 31 = 3*g - 4*k. Suppose g*p - 25 = 25. What is the remainder when p is divided by 4?
2
Suppose 68*r = 49*r + 2204. Suppose 107*s + 486 = r*s. Suppose 0 = 2*f + 10, 5*m + f - 60 = 6*f. Calculate the remainder when s is divided by m.
5
Suppose -4*a + 4*r = -48 - 80, 0 = -5*r - 25. Suppose 0 = a*q - 39*q + 2100. Calculate the remainder when q is divided by 8.
7
Suppose 0 = -5*x - 20, z - 61 = 2*x + 16. What is the remainder when 338 is divided by z?
62
Let m be (0 - -152) + (-6 - 1 - -5). Let a = 3 - -14. What is the remainder when (-2000)/m*(-12)/5 is divided by a?
15
Calculate the remainder when 331 is divided by (12/(-8))/(50/(-1100)).
1
What is the remainder when 41*(-18)/45*(-10)/4 is divided by (-6 + 48)*(-9)/(-54)?
6
Suppose -4*d - 3*b - 5 - 3 = 0, -d - 2 = b. Let x = 47 - d. Calculate the remainder when (-63)/21 + -1 + 3 + x is divided by 10.
8
Suppose c = 4*c - 2*x - 5, 0 = -4*c - 4*x + 20. Suppose -88 = -4*u - c*z, -4*u = u - z - 129. Calculate the remainder when 198 is divided by u.
23
Suppose -64 = -4*t - 2*r - 20, 4*t + 3*r - 42 = 0. Let x = -21 - -12. Let s = 17 + x. What is the remainder when t is divided by s?
4
Let t(f) = f**3 - 4*f**2 + 186*f - 1066. Calculate the remainder when t(6) is divided by 81.
41
Let y = 261 - 253. Suppose 136 = 9*b + y*b. What is the remainder when 182 is divided by b?
6
Suppose 56 = 7*p - 42. Calculate the remainder when 797 is divided by p.
13
Suppose 5*i + 20 = 0, -2*o - 7 = -3*i - 41. Let x = 318 - 471. Let j = x - -181. What is the remainder when j is divided by o?
6
Let g be (4 + -1 + -3)*5/10. Suppose b - 1 = -g, -t + 139 = b. What is the remainder when t is divided by 30?
18
Let v = -371 - -380. What is the remainder when 43 is divided by v?
7
Let d = -2578 - -10636. What is the remainder when d is divided by 65?
63
Suppose -85 = -q + 106 + 105. What is the remainder when q is divided by 150?
146
Let i(d) = 3719*d**2 + 17*d + 4. Calculate the remainder when i(-1) is divided by 232.
226
Let r be 855/(-38)*((-24)/10)/3. Let h(s) = s**2 - 18*s + 22. What is the remainder when 128 is divided by h(r)?
18
Let g be (-2 - 5/(-2))*-6. Let h(b) = -b**3 - 2*b - 6. Let s(n) = n**2 + 7*n - 15. Calculate the remainder when s(8) is divided by h(g).
24
Let f = 22 - 23. Calculate the remainder when 20*(8/(80/66) - f) is divided by 26.
22
Suppose u + 2*u - 462 = 0. Let q = -2812 + 2844. What is the remainder when u is divided by q?
26
Let d(r) = -176*r**2 - 3*r - 4 + 8*r + 181*r**2. Calculate the remainder when 101 is divided by d(2).
23
Let x = -2 - -2. Let p be (13/(-13))/(1 + x). What is the remainder when (p - 0)*(1 - 2)*4 is divided by 3?
1
Suppose -20*f = 7*f + 6*f - 11055. Calculate the remainder when f is divided by 46.
13
What is the remainder when 420 is divided by (1 - -128)*(-3 + -4 + (-230)/(-30))?
76
Suppose -221*m + 1615 = -204*m. Calculate the remainder when 503 is divided by m.
28
Let i be (-8)/16*-95*8/10. Suppose 11*w - i*w = -378. What is the remainder when 76 is divided by w?
6
Suppose -2*p = -158 - 42. Let s(w) = w**2 + 6*w + 30. Let m be s(-9). Suppose 0 = 7*n - m - 125. Calculate the remainder when p is divided by n.
22
Let c(d) = d**3 - 39*d**2 + 9*d - 136. Let a = 159 + -120. Calculate the remainder when c(a) is divided by 36.
35
What is the remainder when (-98580)/(-424)*(-32)/(-10) is divided by 49?
9
Let l(b) = -14*b + 1016. Calculate the remainder when 207 is divided by l(59).
17
What is the remainder when (364/(-18))/((-16)/144) is divided by 9?
2
Let j be (-4797)/(-41) - (-14)/(-2). Calculate the remainder when j + 4/8*-8 is divided by 18.
16
Calculate the remainder when 839 is divided by (-2451)/(-228) + ((-75)/20 - -3).
9
Let d be (3 - 91/21)/(4/(-6)). Suppose -d*u - 6 